{"id":50,"date":"2016-05-13T11:41:56","date_gmt":"2016-05-13T17:41:56","guid":{"rendered":"http:\/\/colegiohispanoamericano.edu.ni\/blog\/?page_id=50"},"modified":"2016-05-13T11:41:56","modified_gmt":"2016-05-13T17:41:56","slug":"recorrido-escolar","status":"publish","type":"page","link":"https:\/\/colegiohispanoamericano.edu.ni\/index.php\/recorrido-escolar\/","title":{"rendered":"Recorrido Escolar"},"content":{"rendered":"<p>El servicio de\u00a0 transporte es propio y\u00a0 es\u00a0 ofertado a la poblaci\u00f3n estudiantil\u00a0 con bajos costos econ\u00f3micos,\u00a0 contando en la actualidad\u00a0 con\u00a0 seis buses,\u00a0 los cuales recorren barrios como:<strong><em>\u00a0<\/em><\/strong>Sabana Grande, Villa Sol, Residencial Bel\u00e9n, R\u00ecos de Agua Viva, \u00a0\u00a0Villa Venezuela, Villa Libertad, Residencial San Sebasti\u00e1n, Laureles Sur, Lomas de Guadalupe, Anexo a Villa Libertad, Laureles Norte, Concepci\u00f3n de Mar\u00eda, Villa Reconciliaci\u00f3n, Praderas del Doral, Am\u00e9ricas No. 2, las Mercedes, Unidad de Prop\u00f3sito, Hugo Ch\u00e1vez, Bo. Venezuela, Nicarao, Villa Progreso, Rub\u00e9n Dar\u00edo, Rafaela Herrera, Miguel Guti\u00e9rrez, Wasp\u00e0n Sur, Am\u00e9ricas No.1, Villa Flor, Jardines de Veracruz, Ariel Darce,\u00a014 de septiembre cubriendo buena parte de nuestra capital.<\/p>\n","protected":false},"excerpt":{"rendered":"<p>El servicio de\u00a0 transporte es propio y\u00a0 es\u00a0 ofertado a la poblaci\u00f3n estudiantil\u00a0 con bajos costos econ\u00f3micos,\u00a0 contando en la actualidad\u00a0 con\u00a0 seis buses,\u00a0 los cuales recorren barrios como:\u00a0Sabana Grande, Villa Sol, Residencial Bel\u00e9n, R\u00ecos de Agua Viva, \u00a0\u00a0Villa Venezuela, Villa Libertad, Residencial San Sebasti\u00e1n, Laureles Sur, Lomas de Guadalupe, Anexo a Villa Libertad, Laureles &hellip; <\/p>\n<p class=\"link-more\"><a href=\"https:\/\/colegiohispanoamericano.edu.ni\/index.php\/recorrido-escolar\/\" class=\"more-link\">Leer m\u00e1s<span class=\"screen-reader-text\"> \u00abRecorrido Escolar\u00bb<\/span><\/a><\/p>\n","protected":false},"author":1,"featured_media":0,"parent":0,"menu_order":0,"comment_status":"closed","ping_status":"closed","template":"","meta":{"footnotes":""},"class_list":["post-50","page","type-page","status-publish","hentry"],"_links":{"self":[{"href":"https:\/\/colegiohispanoamericano.edu.ni\/index.php\/wp-json\/wp\/v2\/pages\/50","targetHints":{"allow":["GET"]}}],"collection":[{"href":"https:\/\/colegiohispanoamericano.edu.ni\/index.php\/wp-json\/wp\/v2\/pages"}],"about":[{"href":"https:\/\/colegiohispanoamericano.edu.ni\/index.php\/wp-json\/wp\/v2\/types\/page"}],"author":[{"embeddable":true,"href":"https:\/\/colegiohispanoamericano.edu.ni\/index.php\/wp-json\/wp\/v2\/users\/1"}],"replies":[{"embeddable":true,"href":"https:\/\/colegiohispanoamericano.edu.ni\/index.php\/wp-json\/wp\/v2\/comments?post=50"}],"version-history":[{"count":0,"href":"https:\/\/colegiohispanoamericano.edu.ni\/index.php\/wp-json\/wp\/v2\/pages\/50\/revisions"}],"wp:attachment":[{"href":"https:\/\/colegiohispanoamericano.edu.ni\/index.php\/wp-json\/wp\/v2\/media?parent=50"}],"curies":[{"name":"wp","href":"https:\/\/api.w.org\/{rel}","templated":true}]}}